(2/(-4))?
1
Suppose -2*a + 0 = -5*q + 39, 2*q = -a + 12. Let c be 0 - 2 - q*-2. What is the remainder when 10 is divided by (-2 - -3)/(3/c)?
2
Suppose 0 = 4*z - 0*z - 48. Let w(b) = b**3 + 4*b**2 - 3 + 5 + 5*b + 3*b**2 - 5. What is the remainder when w(-5) is divided by z?
10
Let g = 34 - 16. Suppose -5*q + 8 - 176 = -3*i, -5*i + 267 = -4*q. Calculate the remainder when i is divided by g.
15
Suppose 4*r = 2*g + 22 + 10, -4*r = -g - 24. Calculate the remainder when 11 is divided by 9/(2/(g/(-6))).
5
Suppose -4*h + 11 = -3*h. Calculate the remainder when 41 is divided by h.
8
Let j = 40 - 11. Suppose 3*f - j = 100. Let o = f + -29. What is the remainder when 27 is divided by o?
13
Let b(g) = g**3 + 12*g**2 + 12*g + 16. Let z be b(-11). Suppose 3*m - 117 = z*a, -170 = -m - 3*m + 2*a. Calculate the remainder when m is divided by 15.
14
Let r(z) = z. Let b be r(0). Suppose 29 = i - x, 4*i + 2*x - 24 - 80 = b. What is the remainder when i is divided by 10?
7
Let q = 31 + -46. Let b be 5/(q/(-9)) - -103. Suppose 0 = -0*s - 2*s + b. What is the remainder when s is divided by 18?
17
Let w(h) = h**3 - 6*h**2 + 5*h. Let k be w(5). Suppose -p + k*p = -47. Calculate the remainder when p is divided by 16.
15
Let p(o) = o + 48. Calculate the remainder when p(-14) is divided by 13.
8
Suppose x + 4*n + 27 = 2*n, n = -2*x - 42. Let v = -8 - x. What is the remainder when 31 is divided by v?
9
Let j(l) = -l**3 - 5*l**2 - l - 6. Let o be j(-5). Let u = -25 + 3. Let t = o - u. What is the remainder when 41 is divided by t?
20
Let x be (-4)/(-18) - (-20)/(-9). What is the remainder when 35 is divided by 2 - (16/x + -2)?
11
Suppose 0 = -3*r + r - 496. Let u = 816 + r. Calculate the remainder when (-4)/(-18) + u/36 is divided by 9.
7
Let t(d) = d**2 - 8*d + 10. Let o be t(7). Let j = 4 + o. Suppose 6*x = x + 100. Calculate the remainder when x is divided by j.
6
Suppose -f + 4 = -3. Suppose -3*w + 58 = 13. Calculate the remainder when (-58)/(-5) - (-6)/w is divided by f.
5
Let p = 7 + -15. What is the remainder when 14 is divided by p/((-2)/(2/1))?
6
Let f = 18 + -12. Calculate the remainder when 1 is divided by 4 - f*2/4.
0
Suppose 0 = -2*w + 9*w - 84. Calculate the remainder when 47 is divided by w.
11
Let n(f) = -f**3 - 12*f**2 + 3*f - 14. What is the remainder when n(-13) is divided by 39?
38
Suppose 5*p = -51 + 6. Let v(z) = z**3 + 9*z**2 - 2*z - 10. Calculate the remainder when 22 is divided by v(p).
6
Let f(c) = c + 7. Let m be f(-10). Let v(d) = -2*d - 4. Calculate the remainder when 2/(-2)*(-3 - 0) is divided by v(m).
1
Let w = -5 - -17. Let r = 140 + -94. Calculate the remainder when r is divided by w.
10
Suppose -n - 15 = -136. What is the remainder when n is divided by 31?
28
Suppose -2*p - 221 = -6*p + z, -3*z + 9 = 0. What is the remainder when p is divided by (-185)/(-10) - 2/(-4)?
18
Suppose 0 = -t - 0*t - 3*s + 19, -t = 5*s - 23. Suppose h + 3 - t = 0. Calculate the remainder when 19 is divided by h.
9
Let p = 37 - 69. Let s = p - -67. What is the remainder when s is divided by 12?
11
Let q(g) = -g**3 + 8*g**2 + g - 39. What is the remainder when 147 is divided by q(6)?
30
Let m(l) = -14*l - 54. Let y(v) = -5*v - 18. Let r(k) = -4*m(k) + 11*y(k). Calculate the remainder when r(0) is divided by 7.
4
Let d = 38 - 25. Suppose 53 = 4*u + 5*h, -2*u + 5*u = -3*h + 36. Calculate the remainder when d is divided by u.
6
What is the remainder when (47 - 1)/(30/45) is divided by 12?
9
Suppose 1 = 5*x - 4, 0 = -2*p + 5*x + 77. What is the remainder when p is divided by 11?
8
Suppose -2*j - 42 = -3*d, 2*d - 7*d - 4*j + 48 = 0. Let p = 106 - 71. Calculate the remainder when p is divided by d.
11
Let w = 20 + -15. What is the remainder when 14 is divided by w?
4
Suppose 4*b - b = 111. What is the remainder when 145 is divided by b?
34
Let g be 6/(-4) - 9/2. Let z be 516/(1 + 15/g). What is the remainder when z/(-12) + 2/(-3) is divided by 15?
13
Suppose 54 = -12*g + 14*g. Calculate the remainder when g is divided by 14.
13
Let d = 23 + 17. Suppose -2*s - 4 + d = 0. Calculate the remainder when 34 is divided by s.
16
Suppose 3*u - 240 + 45 = 0. Calculate the remainder when 256 is divided by u.
61
Let z = -37 + 54. Let u(a) = -a**3 - 7*a**2 + 11*a + 33. What is the remainder when z is divided by u(-8)?
8
Let z = -22 + 24. Calculate the remainder when 2 is divided by z.
0
Suppose -4*t + 48 = -8. Calculate the remainder when 26 is divided by t.
12
Let h(m) = -m**2 + 3. Let w be h(0). Suppose w = -k, 0 = s - 0*k - 2*k - 52. Calculate the remainder when s is divided by 16.
14
Suppose 2*g = 3*u + 74, -3*u - 136 = -4*g - 0*u. Let o = -21 + g. Calculate the remainder when 28 is divided by o/(-25) - (-104)/10.
8
Let v be 14 - (0 - (2 + 0)). Suppose 4*o - 5*l + 0 = -2, 3*o - v = -5*l. Suppose -o*y + y = -2. Calculate the remainder when 3 is divided by y.
1
Suppose 2*c + 184 = 4*c. Calculate the remainder when c is divided by 32.
28
Suppose -5*k + 76 = -k. Let i be 2 - 0 - -9*8. Let s = i + -37. Calculate the remainder when s is divided by k.
18
Let w(q) = q**2 + 12*q + 15. Let i be w(-12). Suppose 0 = f + 3*f + b - 133, 0 = -3*b + i. Calculate the remainder when f is divided by 11.
10
Suppose 2*r + 50 = -0*r. Let l = r + 59. Calculate the remainder when l is divided by 9.
7
Let d(z) be the third derivative of z**5/60 - z**4/8 + z**3/3 + z**2. Suppose -2*s + 15 = 3*s. What is the remainder when 3 is divided by d(s)?
1
Let q(l) = 3*l**2 + 5*l + 24. What is the remainder when q(-6) is divided by 21?
18
Let r(w) = w**2 - 5*w + 5. Suppose -2*m + m + 5 = 0. Suppose 5 + 15 = m*u. What is the remainder when r(6) is divided by u?
3
Let t be (-4)/8*(-23 - 3). Let x = 16 - t. Calculate the remainder when 9 is divided by x.
0
Let k be 1 - (-4 - (-12)/4). Suppose 0 = -k*w - r + 8 + 4, -2*w - 5*r + 28 = 0. Calculate the remainder when 11 is divided by w.
3
Let f(t) = -t**2 - 19*t - 8. What is the remainder when f(-8) is divided by 27?
26
Let l = -215 + 313. Calculate the remainder when l is divided by 20.
18
Let g(j) = -j**2 + 5*j + 3. Let q be g(5). Suppose d = q*d - 10. What is the remainder when 12 is divided by d?
2
Let p = -1 + -1. Suppose 2*j = 4*q - 0*j - 126, -4*q - 5*j + 119 = 0. What is the remainder when q is divided by 3*(1 - -2) - p?
9
Let h be 1/2*-4 - -6. What is the remainder when 31 is divided by 32/(-2)*(-2)/h?
7
Suppose 28 = -2*z - 2. Suppose 65 = -0*b + 5*b. What is the remainder when b is divided by (z/(-9))/(2/6)?
3
What is the remainder when 66 - 3/(-2)*(-32)/12 is divided by 9?
8
Let c = 39 + -15. What is the remainder when 93 is divided by c?
21
Suppose -105*j + 109*j + 56 = 0. Suppose 4*z - 36 = 2*q, 91 = -5*q + 5*z - 24. Let l = j - q. Calculate the remainder when 40 is divided by l.
12
Suppose -v - v = 0, 4*v = 3*p - 9. Suppose p*r - 4*r + 9 = 0. What is the remainder when 24 is divided by r?
6
Let c be 52/8 + 9/(-6). Suppose -4*l = -x - 45, -c*l - x - 7 = -61. What is the remainder when l is divided by 7?
4
Calculate the remainder when 2/(30/9)*5 is divided by 1.
0
Suppose 102 = -y + 120. Calculate the remainder when 69 is divided by y.
15
Let i be 11/(22/36) + 1. Suppose -94 + i = -w. What is the remainder when w is divided by 19?
18
Suppose 0 = -2*u - 2*t + 18, -2*u + t + 3 = -0. What is the remainder when 15 is divided by u?
3
Let k(t) = -t**2 + 6*t - 3. Calculate the remainder when 12 is divided by k(4).
2
Let l(n) = -2*n**2 + 1. Let i be l(1). Let a = i + 1. Suppose -5*y - 2 = -r, a = 5*r - y - 2*y - 76. Calculate the remainder when 32 is divided by r.
15
Let w(j) = j**2 - 8. Let s(g) = 2*g**2 + 7*g - 1. Calculate the remainder when w(-7) is divided by s(-5).
13
Let i = -3 + 5. Let h(p) = -p**2 - 9*p - 3. Let n be h(-8). Suppose l - n*l = -16. What is the remainder when l is divided by i?
0
Suppose 7 = n - c - 19, 160 = 5*n + c. What is the remainder when n is divided by 17?
14
Let f = -33 + 47. What is the remainder when 24 is divided by f?
10
Let x(h) = 16*h - 8. Calculate the remainder when x(6) is divided by 30.
28
Suppose 196 = 4*n - 5*x, 4*n + x - 195 - 25 = 0. What is the remainder when n is divided by -14*(-3 - 2*-1)?
12
Suppose -7*i = -771 + 120. Calculate the remainder when i is divided by 32.
29
Let w = -19 - -36. What is the remainder when 